11, what is 3 + 50575486?
50575489
In base 15, what is 4ccab3 - 8?
4ccaaa
In base 5, what is 404444433 + 31?
410000014
In base 3, what is -102121220001 + -1120100?
-102200110101
In base 5, what is 114 - -222424001?
222424120
In base 13, what is -28a1b11 - -53?
-28a1a8b
In base 10, what is -1324 - -23165?
21841
In base 4, what is 113 - -2320302?
2321021
In base 9, what is 786633 + -1015?
785617
In base 6, what is 4100431 + 534?
4101405
In base 13, what is -98a4 + 5215?
-468c
In base 13, what is c3306 - -24?
c332a
In base 8, what is 2256 - -135006?
137264
In base 8, what is 32021 + -1033?
30766
In base 8, what is -4 - 23157137?
-23157143
In base 12, what is -899 + -1533b0?
-154089
In base 2, what is -1010001011 - 100001101101011101?
-100001110111101000
In base 14, what is -2461d3c - -25?
-2461d17
In base 11, what is 11 - -2050713?
2050724
In base 4, what is 1303 - -12030130103?
12030132012
In base 4, what is 333003003000 + 11?
333003003011
In base 8, what is -76 - -5540347?
5540251
In base 5, what is 402232 - 1114300?
-212013
In base 4, what is -1 + -303011132333?
-303011133000
In base 4, what is -1323301232 + 2000?
-1323233232
In base 14, what is 24 + 90767?
9078b
In base 3, what is -10111112221212020 - -10?
-10111112221212010
In base 12, what is -21a3094 - -4?
-21a3090
In base 2, what is 10110 - -10110010000011100111011011?
10110010000011100111110001
In base 10, what is -23731777 - -1?
-23731776
In base 12, what is 6262a57 + 1?
6262a58
In base 3, what is -112102121221110002 - 2?
-112102121221110011
In base 10, what is -1 + 19088973?
19088972
In base 11, what is 5572441a - 0?
5572441a
In base 4, what is 3103101 + -101?
3103000
In base 10, what is -656 - 1054?
-1710
In base 14, what is -7a + -1293?
-132d
In base 14, what is 5 + 1b803a0?
1b803a5
In base 13, what is 4 + -2934738?
-2934734
In base 9, what is -1563 + -566?
-2240
In base 9, what is -12665322 - -1?
-12665321
In base 12, what is -733b0aa + 37?
-733b073
In base 3, what is -1 + -10010222222222?
-10011000000000
In base 9, what is 80388 + -756?
78532
In base 15, what is 5c38ec - -4?
5c3901
In base 7, what is 330 - -14533641?
14534301
In base 13, what is 222 + 383cc?
38621
In base 11, what is -2 + -133124026?
-133124028
In base 13, what is -19 - -11b92a?
11b911
In base 8, what is -2 + 6175637?
6175635
In base 8, what is 54 - 12165453?
-12165377
In base 9, what is -14 - -22434641?
22434626
In base 3, what is 10000120 + -2000?
2221120
In base 15, what is -21 - -1cd82?
1cd61
In base 10, what is 3 - -3320638?
3320641
In base 8, what is 1326330216 + 5?
1326330223
In base 5, what is -41302414 + 1243?
-41301121
In base 11, what is -181 - 13614?
-13795
In base 14, what is 8 - -413a4ca?
413a4d4
In base 6, what is 24 - 1543023103?
-1543023035
In base 14, what is -71 - 1014c?
-101bd
In base 16, what is 2268 + d7?
233f
In base 11, what is -847515 + 28?
-847498
In base 7, what is -26262 + -2356?
-31651
In base 13, what is 9b - 14069?
-13c9b
In base 14, what is 2 + -6729c9b?
-6729c99
In base 5, what is -243 - -4031140?
4030342
In base 4, what is -2 + 3222120332?
3222120330
In base 8, what is 37300103 - -45?
37300150
In base 2, what is 111011001 - 100100001100101?
-100011010001100
In base 15, what is -5ec1 + 75?
-5e4b
In base 8, what is -25 + -131013723?
-131013750
In base 5, what is 1424333024 - 4?
1424333020
In base 9, what is -5 + -32487017?
-32487023
In base 12, what is -1642a3878 + 2?
-1642a3876
In base 9, what is 8442 + -723?
7618
In base 13, what is 83965 + 1800?
85465
In base 5, what is -200322142 + 20?
-200322122
In base 12, what is -316b10 + 133?
-316999
In base 8, what is -3 - 53623243?
-53623246
In base 8, what is 0 + 6326530?
6326530
In base 3, what is -1 + -1222101122200210?
-1222101122200211
In base 4, what is -1331130230211 + 0?
-1331130230211
In base 10, what is 124002 - 186?
123816
In base 5, what is -2020042443 - -23?
-2020042420
In base 15, what is -1e0455 + -5?
-1e045a
In base 11, what is 17 - -14676558?
14676574
In base 8, what is -1 - -64233322?
64233321
In base 10, what is -3234 - -719?
-2515
In base 3, what is -22201 - 12201112000?
-12201211201
In base 10, what is -1 + 29337076?
29337075
In base 11, what is -11002 - -124?
-10989
In base 14, what is -3c33 + -2d8b5?
-33708
In base 6, what is -114 - 240545034?
-240545152
In base 15, what is -4 - -3cc020?
3cc01b
In base 13, what is 7c05 - 44a?
7788
In base 8, what is -404 - 2076667?
-2077273
In base 12, what is -60 + -98819?
-98879
In base 5, what is 132114 + 2420?
140034
In base 2, what is 10 + 100011000011011000111101100?
100011000011011000111101110
In base 9, what is 37 + -17078515?
-17078467
In base 12, what is 3902484 + -5?
390247b
In base 10, what is -1492 + -1853?
-3345
In base 8, what is -2 - 146004277?
-146004301
In base 3, what is 1200112100010 + -110?
1200112022200
In base 11, what is 1 + -1282051a?
-12820519
In base 4, what is -301322320303 + 10?
-301322320233
In base 4, what is 122122 - -10010212?
10133000
In base 6, what is 3001015002 + 4?
3001015010
In base 5, what is -243014113 - 31?
-243014144
In base 11, what is -1 - 914728?
-914729
In base 9, what is 136311501 - 17?
136311473
In base 7, what is -2025061 + 2545?
-2022213
In base 8, what is 426522 + -226?
426274
In base 4, what is 102 - -22023031?
22023133
In base 11, what is 166 + 160673?
160829
In base 10, what is 23 - 3332592?
-3332569
In base 12, what is 26631b3 + 2?
26631b5
In base 12, what is 5965983 + 2?
5965985
In base 7, what is 1356601 + 15?
1356616
In base 16, what is 2b - 4ef2c?
-4ef01
In base 15, what is -9 - -2853ba?
2853b1
In base 15, what is ae11 - -6634?
12545
In base 9, what is -22380303 + -1?
-22380304
In base 2, what is -111000010110110110101 - 10001?
-111000010110111000110
In base 8, what is -21554 - -14263?
-5271
In base 9, what is 1 - -26781388?
26781400
In base 10, what is 4471 + 5155?
9626
In base 11, what is -2236614 + -4?
-2236618
In base 6, what is 100510 + 3124?
104034
In base 11, what is 847802 + 5?
847807
In base 16, what is 12b + -10795?
-1066a
In base 5, what is -3303303 + 21110?
-3232143
In base 6, what is 1320 - -134111?
135431
In base 5, what is 3 - -2431244132?
2431244140
In base 11, what is -435186a - a?
-4351879
In base 16, what is -e9523 + d1?
-e9452
In base 2, what is -110100 + -110011010011000110100100?
-110011010011000111011000
In base 5, what is 2020442423012 + 3?
2020442423020
In base 14, what is 5 - 63c853?
-63c84c
In base 11, what is 1058 - -4704?
5761
In base 16, what is 9d89b - -7?
9d8a2
In base 12, what is 0 - 305535?
-305535
In base 16, what is -6 - 34eef2?
-34eef8
In base 12, what is 1a + -1ab2257?
-1ab2239
In base 15, what is -17 - 7e9a5?
-7e9bc
In base 9, what is -243 + -2274414?
-2274657
In base 2, what is 10101110010011 - -11101?
10101110110000
In base 16, what is 1f + dcedf?
dcefe
In base 5, what is 2000240 - 343?
1444342
In base 9, what is 16883423 + -4?
16883418
In base 5, what is 410141140 - 1210?
410134430
In base 4, what is -130021 + 1221212?
1031131
In base 3, what is 1020 - -121110000210?
121110002000
In base 12, what is -298b + -a839?
-11608
In base 6, what is 103 - 4043410?
-4043303
In base 4, what is -100002020 - -30002?
-33312012
In base 4, what is -12 + -1333112000333?
-1333112001011
In base 3, what is -12200201211 + 22202?
-12200102002
In base 3, what is 1110022 + 2211222012?
2220102111
In base 12, what is -39b5 + -665?
-445a
In base 14, what is -814a07 - 21?
-814a28
In base 15, what is -2543b68 + -2?
-2543b6a
In base 9, what is -2242116 - 172?
-2242288
In base 16, what is 6 - 4adef7?
-4adef1
In base 2, what is -1101010100100101010001 - -11?
-1101010100100101001110
In base 14, what is d66 + a87a?
b802
In base 15, what is -2665b + -4b?
-266a7
In base 8, what is -135567 - -60?
-135507
In base 15, what is -5 - b4deb8?
-b4debd
In base 4, what is -20212303023 - -23?
-20212303000
In base 16, what is 1ad8a56 - -5?
1ad8a5b
In base 2, what is -1011100011000101 - 111111001?
-1011101010111110
In base 7, what is 531 + -1252203?
-1251342
In base 14, what is 39d4b5 - -8c?
39d563
In base 16, what is 273 + 12c?
39f
In base 3, what is -210112210100011 - -11?
-210112210100000
In base 14, what is 983c + 5c4?
a022
In base 10, what is 295 + 125881?
126176
In base 9, what is 4062 + 372782?
376854
In base 4, what is 